{"id":1577,"date":"2024-01-28T14:36:59","date_gmt":"2024-01-28T14:36:59","guid":{"rendered":"https:\/\/belgianbuggy.com\/?page_id=1577"},"modified":"2024-08-09T16:34:33","modified_gmt":"2024-08-09T16:34:33","slug":"photo-vanclee-deuxieme-generation","status":"publish","type":"page","link":"https:\/\/belgianbuggy.com\/index.php\/belgian-buggy\/photo-vanclee-deuxieme-generation\/","title":{"rendered":"photo Vanclee deuxi\u00e8me g\u00e9n\u00e9ration"},"content":{"rendered":"\n<figure class=\"wp-block-gallery has-nested-images columns-default is-cropped wp-block-gallery-1 is-layout-flex wp-block-gallery-is-layout-flex\">\n<figure data-wp-context=\"{&quot;imageId&quot;:&quot;69dddbd17e619&quot;}\" data-wp-interactive=\"core\/image\" data-wp-key=\"69dddbd17e619\" class=\"wp-block-image size-large wp-lightbox-container\"><img decoding=\"async\" width=\"960\" height=\"720\" data-wp-class--hide=\"state.isContentHidden\" data-wp-class--show=\"state.isContentVisible\" data-wp-init=\"callbacks.setButtonStyles\" data-wp-on--click=\"actions.showLightbox\" data-wp-on--load=\"callbacks.setButtonStyles\" data-wp-on-window--resize=\"callbacks.setButtonStyles\" data-id=\"1580\" src=\"https:\/\/belgianbuggy.com\/wp-content\/uploads\/2024\/01\/FB_IMG_1706450182065-5.jpg\" alt=\"\" class=\"wp-image-1580\" srcset=\"https:\/\/belgianbuggy.com\/wp-content\/uploads\/2024\/01\/FB_IMG_1706450182065-5.jpg 960w, https:\/\/belgianbuggy.com\/wp-content\/uploads\/2024\/01\/FB_IMG_1706450182065-5-300x225.jpg 300w, https:\/\/belgianbuggy.com\/wp-content\/uploads\/2024\/01\/FB_IMG_1706450182065-5-768x576.jpg 768w\" sizes=\"(max-width: 960px) 100vw, 960px\" \/><button\n\t\t\tclass=\"lightbox-trigger\"\n\t\t\ttype=\"button\"\n\t\t\taria-haspopup=\"dialog\"\n\t\t\taria-label=\"Enlarge\"\n\t\t\tdata-wp-init=\"callbacks.initTriggerButton\"\n\t\t\tdata-wp-on--click=\"actions.showLightbox\"\n\t\t\tdata-wp-style--right=\"state.imageButtonRight\"\n\t\t\tdata-wp-style--top=\"state.imageButtonTop\"\n\t\t>\n\t\t\t<svg xmlns=\"http:\/\/www.w3.org\/2000\/svg\" width=\"12\" height=\"12\" fill=\"none\" viewBox=\"0 0 12 12\">\n\t\t\t\t<path fill=\"#fff\" d=\"M2 0a2 2 0 0 0-2 2v2h1.5V2a.5.5 0 0 1 .5-.5h2V0H2Zm2 10.5H2a.5.5 0 0 1-.5-.5V8H0v2a2 2 0 0 0 2 2h2v-1.5ZM8 12v-1.5h2a.5.5 0 0 0 .5-.5V8H12v2a2 2 0 0 1-2 2H8Zm2-12a2 2 0 0 1 2 2v2h-1.5V2a.5.5 0 0 0-.5-.5H8V0h2Z\" \/>\n\t\t\t<\/svg>\n\t\t<\/button><\/figure>\n\n\n\n<figure data-wp-context=\"{&quot;imageId&quot;:&quot;69dddbd17e873&quot;}\" data-wp-interactive=\"core\/image\" data-wp-key=\"69dddbd17e873\" class=\"wp-block-image size-large wp-lightbox-container\"><img decoding=\"async\" width=\"960\" height=\"641\" data-wp-class--hide=\"state.isContentHidden\" data-wp-class--show=\"state.isContentVisible\" data-wp-init=\"callbacks.setButtonStyles\" data-wp-on--click=\"actions.showLightbox\" data-wp-on--load=\"callbacks.setButtonStyles\" data-wp-on-window--resize=\"callbacks.setButtonStyles\" data-id=\"1582\" src=\"https:\/\/belgianbuggy.com\/wp-content\/uploads\/2024\/01\/FB_IMG_1706450194954-4.jpg\" alt=\"\" class=\"wp-image-1582\" srcset=\"https:\/\/belgianbuggy.com\/wp-content\/uploads\/2024\/01\/FB_IMG_1706450194954-4.jpg 960w, https:\/\/belgianbuggy.com\/wp-content\/uploads\/2024\/01\/FB_IMG_1706450194954-4-300x200.jpg 300w, https:\/\/belgianbuggy.com\/wp-content\/uploads\/2024\/01\/FB_IMG_1706450194954-4-768x513.jpg 768w\" sizes=\"(max-width: 960px) 100vw, 960px\" \/><button\n\t\t\tclass=\"lightbox-trigger\"\n\t\t\ttype=\"button\"\n\t\t\taria-haspopup=\"dialog\"\n\t\t\taria-label=\"Enlarge\"\n\t\t\tdata-wp-init=\"callbacks.initTriggerButton\"\n\t\t\tdata-wp-on--click=\"actions.showLightbox\"\n\t\t\tdata-wp-style--right=\"state.imageButtonRight\"\n\t\t\tdata-wp-style--top=\"state.imageButtonTop\"\n\t\t>\n\t\t\t<svg xmlns=\"http:\/\/www.w3.org\/2000\/svg\" width=\"12\" height=\"12\" fill=\"none\" viewBox=\"0 0 12 12\">\n\t\t\t\t<path fill=\"#fff\" d=\"M2 0a2 2 0 0 0-2 2v2h1.5V2a.5.5 0 0 1 .5-.5h2V0H2Zm2 10.5H2a.5.5 0 0 1-.5-.5V8H0v2a2 2 0 0 0 2 2h2v-1.5ZM8 12v-1.5h2a.5.5 0 0 0 .5-.5V8H12v2a2 2 0 0 1-2 2H8Zm2-12a2 2 0 0 1 2 2v2h-1.5V2a.5.5 0 0 0-.5-.5H8V0h2Z\" \/>\n\t\t\t<\/svg>\n\t\t<\/button><\/figure>\n\n\n\n<figure data-wp-context=\"{&quot;imageId&quot;:&quot;69dddbd17eac8&quot;}\" data-wp-interactive=\"core\/image\" data-wp-key=\"69dddbd17eac8\" class=\"wp-block-image size-large wp-lightbox-container\"><img decoding=\"async\" width=\"600\" height=\"400\" data-wp-class--hide=\"state.isContentHidden\" data-wp-class--show=\"state.isContentVisible\" data-wp-init=\"callbacks.setButtonStyles\" data-wp-on--click=\"actions.showLightbox\" data-wp-on--load=\"callbacks.setButtonStyles\" data-wp-on-window--resize=\"callbacks.setButtonStyles\" data-id=\"1581\" src=\"https:\/\/belgianbuggy.com\/wp-content\/uploads\/2024\/01\/FB_IMG_1706450199627-4.jpg\" alt=\"\" class=\"wp-image-1581\" srcset=\"https:\/\/belgianbuggy.com\/wp-content\/uploads\/2024\/01\/FB_IMG_1706450199627-4.jpg 600w, https:\/\/belgianbuggy.com\/wp-content\/uploads\/2024\/01\/FB_IMG_1706450199627-4-300x200.jpg 300w\" sizes=\"(max-width: 600px) 100vw, 600px\" \/><button\n\t\t\tclass=\"lightbox-trigger\"\n\t\t\ttype=\"button\"\n\t\t\taria-haspopup=\"dialog\"\n\t\t\taria-label=\"Enlarge\"\n\t\t\tdata-wp-init=\"callbacks.initTriggerButton\"\n\t\t\tdata-wp-on--click=\"actions.showLightbox\"\n\t\t\tdata-wp-style--right=\"state.imageButtonRight\"\n\t\t\tdata-wp-style--top=\"state.imageButtonTop\"\n\t\t>\n\t\t\t<svg xmlns=\"http:\/\/www.w3.org\/2000\/svg\" width=\"12\" height=\"12\" fill=\"none\" viewBox=\"0 0 12 12\">\n\t\t\t\t<path fill=\"#fff\" d=\"M2 0a2 2 0 0 0-2 2v2h1.5V2a.5.5 0 0 1 .5-.5h2V0H2Zm2 10.5H2a.5.5 0 0 1-.5-.5V8H0v2a2 2 0 0 0 2 2h2v-1.5ZM8 12v-1.5h2a.5.5 0 0 0 .5-.5V8H12v2a2 2 0 0 1-2 2H8Zm2-12a2 2 0 0 1 2 2v2h-1.5V2a.5.5 0 0 0-.5-.5H8V0h2Z\" \/>\n\t\t\t<\/svg>\n\t\t<\/button><\/figure>\n\n\n\n<figure data-wp-context=\"{&quot;imageId&quot;:&quot;69dddbd17ecb5&quot;}\" data-wp-interactive=\"core\/image\" data-wp-key=\"69dddbd17ecb5\" class=\"wp-block-image size-large wp-lightbox-container\"><img decoding=\"async\" width=\"912\" height=\"608\" data-wp-class--hide=\"state.isContentHidden\" data-wp-class--show=\"state.isContentVisible\" data-wp-init=\"callbacks.setButtonStyles\" data-wp-on--click=\"actions.showLightbox\" data-wp-on--load=\"callbacks.setButtonStyles\" data-wp-on-window--resize=\"callbacks.setButtonStyles\" data-id=\"1583\" src=\"https:\/\/belgianbuggy.com\/wp-content\/uploads\/2024\/01\/FB_IMG_1706450226315-4.jpg\" alt=\"\" class=\"wp-image-1583\" srcset=\"https:\/\/belgianbuggy.com\/wp-content\/uploads\/2024\/01\/FB_IMG_1706450226315-4.jpg 912w, https:\/\/belgianbuggy.com\/wp-content\/uploads\/2024\/01\/FB_IMG_1706450226315-4-300x200.jpg 300w, https:\/\/belgianbuggy.com\/wp-content\/uploads\/2024\/01\/FB_IMG_1706450226315-4-768x512.jpg 768w\" sizes=\"(max-width: 912px) 100vw, 912px\" \/><button\n\t\t\tclass=\"lightbox-trigger\"\n\t\t\ttype=\"button\"\n\t\t\taria-haspopup=\"dialog\"\n\t\t\taria-label=\"Enlarge\"\n\t\t\tdata-wp-init=\"callbacks.initTriggerButton\"\n\t\t\tdata-wp-on--click=\"actions.showLightbox\"\n\t\t\tdata-wp-style--right=\"state.imageButtonRight\"\n\t\t\tdata-wp-style--top=\"state.imageButtonTop\"\n\t\t>\n\t\t\t<svg xmlns=\"http:\/\/www.w3.org\/2000\/svg\" width=\"12\" height=\"12\" fill=\"none\" viewBox=\"0 0 12 12\">\n\t\t\t\t<path fill=\"#fff\" d=\"M2 0a2 2 0 0 0-2 2v2h1.5V2a.5.5 0 0 1 .5-.5h2V0H2Zm2 10.5H2a.5.5 0 0 1-.5-.5V8H0v2a2 2 0 0 0 2 2h2v-1.5ZM8 12v-1.5h2a.5.5 0 0 0 .5-.5V8H12v2a2 2 0 0 1-2 2H8Zm2-12a2 2 0 0 1 2 2v2h-1.5V2a.5.5 0 0 0-.5-.5H8V0h2Z\" \/>\n\t\t\t<\/svg>\n\t\t<\/button><\/figure>\n\n\n\n<figure data-wp-context=\"{&quot;imageId&quot;:&quot;69dddbd17eebf&quot;}\" data-wp-interactive=\"core\/image\" data-wp-key=\"69dddbd17eebf\" class=\"wp-block-image size-large wp-lightbox-container\"><img decoding=\"async\" width=\"951\" height=\"740\" data-wp-class--hide=\"state.isContentHidden\" data-wp-class--show=\"state.isContentVisible\" data-wp-init=\"callbacks.setButtonStyles\" data-wp-on--click=\"actions.showLightbox\" data-wp-on--load=\"callbacks.setButtonStyles\" data-wp-on-window--resize=\"callbacks.setButtonStyles\" data-id=\"1584\" src=\"https:\/\/belgianbuggy.com\/wp-content\/uploads\/2024\/01\/Screenshot_20240117_164930_Google-8.jpg\" alt=\"\" class=\"wp-image-1584\" srcset=\"https:\/\/belgianbuggy.com\/wp-content\/uploads\/2024\/01\/Screenshot_20240117_164930_Google-8.jpg 951w, https:\/\/belgianbuggy.com\/wp-content\/uploads\/2024\/01\/Screenshot_20240117_164930_Google-8-300x233.jpg 300w, https:\/\/belgianbuggy.com\/wp-content\/uploads\/2024\/01\/Screenshot_20240117_164930_Google-8-768x598.jpg 768w\" sizes=\"(max-width: 951px) 100vw, 951px\" \/><button\n\t\t\tclass=\"lightbox-trigger\"\n\t\t\ttype=\"button\"\n\t\t\taria-haspopup=\"dialog\"\n\t\t\taria-label=\"Enlarge\"\n\t\t\tdata-wp-init=\"callbacks.initTriggerButton\"\n\t\t\tdata-wp-on--click=\"actions.showLightbox\"\n\t\t\tdata-wp-style--right=\"state.imageButtonRight\"\n\t\t\tdata-wp-style--top=\"state.imageButtonTop\"\n\t\t>\n\t\t\t<svg xmlns=\"http:\/\/www.w3.org\/2000\/svg\" width=\"12\" height=\"12\" fill=\"none\" viewBox=\"0 0 12 12\">\n\t\t\t\t<path fill=\"#fff\" d=\"M2 0a2 2 0 0 0-2 2v2h1.5V2a.5.5 0 0 1 .5-.5h2V0H2Zm2 10.5H2a.5.5 0 0 1-.5-.5V8H0v2a2 2 0 0 0 2 2h2v-1.5ZM8 12v-1.5h2a.5.5 0 0 0 .5-.5V8H12v2a2 2 0 0 1-2 2H8Zm2-12a2 2 0 0 1 2 2v2h-1.5V2a.5.5 0 0 0-.5-.5H8V0h2Z\" \/>\n\t\t\t<\/svg>\n\t\t<\/button><\/figure>\n<\/figure>\n\n\n\n<div class=\"wp-block-columns is-layout-flex wp-container-core-columns-is-layout-9d6595d7 wp-block-columns-is-layout-flex\">\n<div class=\"wp-block-column is-layout-flow wp-block-column-is-layout-flow\">\n<figure data-wp-context=\"{&quot;imageId&quot;:&quot;69dddbd17f4b9&quot;}\" data-wp-interactive=\"core\/image\" data-wp-key=\"69dddbd17f4b9\" class=\"wp-block-image size-full wp-lightbox-container\"><img decoding=\"async\" width=\"893\" height=\"808\" data-wp-class--hide=\"state.isContentHidden\" data-wp-class--show=\"state.isContentVisible\" data-wp-init=\"callbacks.setButtonStyles\" data-wp-on--click=\"actions.showLightbox\" data-wp-on--load=\"callbacks.setButtonStyles\" data-wp-on-window--resize=\"callbacks.setButtonStyles\" src=\"https:\/\/belgianbuggy.com\/wp-content\/uploads\/2024\/01\/A8-2-2.jpg\" alt=\"\" class=\"wp-image-1656\" srcset=\"https:\/\/belgianbuggy.com\/wp-content\/uploads\/2024\/01\/A8-2-2.jpg 893w, https:\/\/belgianbuggy.com\/wp-content\/uploads\/2024\/01\/A8-2-2-300x271.jpg 300w, https:\/\/belgianbuggy.com\/wp-content\/uploads\/2024\/01\/A8-2-2-768x695.jpg 768w\" sizes=\"(max-width: 893px) 100vw, 893px\" \/><button\n\t\t\tclass=\"lightbox-trigger\"\n\t\t\ttype=\"button\"\n\t\t\taria-haspopup=\"dialog\"\n\t\t\taria-label=\"Enlarge\"\n\t\t\tdata-wp-init=\"callbacks.initTriggerButton\"\n\t\t\tdata-wp-on--click=\"actions.showLightbox\"\n\t\t\tdata-wp-style--right=\"state.imageButtonRight\"\n\t\t\tdata-wp-style--top=\"state.imageButtonTop\"\n\t\t>\n\t\t\t<svg xmlns=\"http:\/\/www.w3.org\/2000\/svg\" width=\"12\" height=\"12\" fill=\"none\" viewBox=\"0 0 12 12\">\n\t\t\t\t<path fill=\"#fff\" d=\"M2 0a2 2 0 0 0-2 2v2h1.5V2a.5.5 0 0 1 .5-.5h2V0H2Zm2 10.5H2a.5.5 0 0 1-.5-.5V8H0v2a2 2 0 0 0 2 2h2v-1.5ZM8 12v-1.5h2a.5.5 0 0 0 .5-.5V8H12v2a2 2 0 0 1-2 2H8Zm2-12a2 2 0 0 1 2 2v2h-1.5V2a.5.5 0 0 0-.5-.5H8V0h2Z\" \/>\n\t\t\t<\/svg>\n\t\t<\/button><\/figure>\n<\/div>\n\n\n\n<div class=\"wp-block-column is-layout-flow wp-block-column-is-layout-flow\">\n<figure data-wp-context=\"{&quot;imageId&quot;:&quot;69dddbd17f6f8&quot;}\" data-wp-interactive=\"core\/image\" data-wp-key=\"69dddbd17f6f8\" class=\"wp-block-image size-full is-resized wp-lightbox-container\"><img decoding=\"async\" width=\"979\" height=\"690\" data-wp-class--hide=\"state.isContentHidden\" data-wp-class--show=\"state.isContentVisible\" data-wp-init=\"callbacks.setButtonStyles\" data-wp-on--click=\"actions.showLightbox\" data-wp-on--load=\"callbacks.setButtonStyles\" data-wp-on-window--resize=\"callbacks.setButtonStyles\" src=\"https:\/\/belgianbuggy.com\/wp-content\/uploads\/2024\/01\/A8-3.jpg\" alt=\"\" class=\"wp-image-1657\" style=\"width:519px;height:auto\" srcset=\"https:\/\/belgianbuggy.com\/wp-content\/uploads\/2024\/01\/A8-3.jpg 979w, https:\/\/belgianbuggy.com\/wp-content\/uploads\/2024\/01\/A8-3-300x211.jpg 300w, https:\/\/belgianbuggy.com\/wp-content\/uploads\/2024\/01\/A8-3-768x541.jpg 768w\" sizes=\"(max-width: 979px) 100vw, 979px\" \/><button\n\t\t\tclass=\"lightbox-trigger\"\n\t\t\ttype=\"button\"\n\t\t\taria-haspopup=\"dialog\"\n\t\t\taria-label=\"Enlarge\"\n\t\t\tdata-wp-init=\"callbacks.initTriggerButton\"\n\t\t\tdata-wp-on--click=\"actions.showLightbox\"\n\t\t\tdata-wp-style--right=\"state.imageButtonRight\"\n\t\t\tdata-wp-style--top=\"state.imageButtonTop\"\n\t\t>\n\t\t\t<svg xmlns=\"http:\/\/www.w3.org\/2000\/svg\" width=\"12\" height=\"12\" fill=\"none\" viewBox=\"0 0 12 12\">\n\t\t\t\t<path fill=\"#fff\" d=\"M2 0a2 2 0 0 0-2 2v2h1.5V2a.5.5 0 0 1 .5-.5h2V0H2Zm2 10.5H2a.5.5 0 0 1-.5-.5V8H0v2a2 2 0 0 0 2 2h2v-1.5ZM8 12v-1.5h2a.5.5 0 0 0 .5-.5V8H12v2a2 2 0 0 1-2 2H8Zm2-12a2 2 0 0 1 2 2v2h-1.5V2a.5.5 0 0 0-.5-.5H8V0h2Z\" \/>\n\t\t\t<\/svg>\n\t\t<\/button><\/figure>\n<\/div>\n<\/div>\n","protected":false},"excerpt":{"rendered":"","protected":false},"author":2,"featured_media":0,"parent":15,"menu_order":0,"comment_status":"closed","ping_status":"closed","template":"","meta":{"_monsterinsights_skip_tracking":false,"_monsterinsights_sitenote_active":false,"_monsterinsights_sitenote_note":"","_monsterinsights_sitenote_category":0,"footnotes":""},"class_list":["post-1577","page","type-page","status-publish","hentry"],"aioseo_notices":[],"_links":{"self":[{"href":"https:\/\/belgianbuggy.com\/index.php\/wp-json\/wp\/v2\/pages\/1577","targetHints":{"allow":["GET"]}}],"collection":[{"href":"https:\/\/belgianbuggy.com\/index.php\/wp-json\/wp\/v2\/pages"}],"about":[{"href":"https:\/\/belgianbuggy.com\/index.php\/wp-json\/wp\/v2\/types\/page"}],"author":[{"embeddable":true,"href":"https:\/\/belgianbuggy.com\/index.php\/wp-json\/wp\/v2\/users\/2"}],"replies":[{"embeddable":true,"href":"https:\/\/belgianbuggy.com\/index.php\/wp-json\/wp\/v2\/comments?post=1577"}],"version-history":[{"count":7,"href":"https:\/\/belgianbuggy.com\/index.php\/wp-json\/wp\/v2\/pages\/1577\/revisions"}],"predecessor-version":[{"id":10817,"href":"https:\/\/belgianbuggy.com\/index.php\/wp-json\/wp\/v2\/pages\/1577\/revisions\/10817"}],"up":[{"embeddable":true,"href":"https:\/\/belgianbuggy.com\/index.php\/wp-json\/wp\/v2\/pages\/15"}],"wp:attachment":[{"href":"https:\/\/belgianbuggy.com\/index.php\/wp-json\/wp\/v2\/media?parent=1577"}],"curies":[{"name":"wp","href":"https:\/\/api.w.org\/{rel}","templated":true}]}}