{"id":12,"date":"2024-01-02T16:23:43","date_gmt":"2024-01-02T16:23:43","guid":{"rendered":"https:\/\/belgianbuggy.com\/?page_id=12"},"modified":"2024-02-24T13:46:28","modified_gmt":"2024-02-24T13:46:28","slug":"ritter","status":"publish","type":"page","link":"https:\/\/belgianbuggy.com\/index.php\/ritter\/","title":{"rendered":"Ritter"},"content":{"rendered":"\n<div class=\"wp-block-columns is-layout-flex wp-container-core-columns-is-layout-9d6595d7 wp-block-columns-is-layout-flex\">\n<div class=\"wp-block-column is-layout-flow wp-block-column-is-layout-flow\">\n<figure data-wp-context=\"{&quot;imageId&quot;:&quot;69dd97688a8cd&quot;}\" data-wp-interactive=\"core\/image\" data-wp-key=\"69dd97688a8cd\" class=\"wp-block-image size-full wp-lightbox-container\"><img decoding=\"async\" width=\"1024\" height=\"431\" data-wp-class--hide=\"state.isContentHidden\" data-wp-class--show=\"state.isContentVisible\" data-wp-init=\"callbacks.setButtonStyles\" data-wp-on--click=\"actions.showLightbox\" data-wp-on--load=\"callbacks.setButtonStyles\" data-wp-on-window--resize=\"callbacks.setButtonStyles\" src=\"https:\/\/belgianbuggy.com\/wp-content\/uploads\/2024\/01\/412241818_830165295461152_9025124976460485656_n-2-1024x431-1.webp\" alt=\"\" class=\"wp-image-726\" srcset=\"https:\/\/belgianbuggy.com\/wp-content\/uploads\/2024\/01\/412241818_830165295461152_9025124976460485656_n-2-1024x431-1.webp 1024w, https:\/\/belgianbuggy.com\/wp-content\/uploads\/2024\/01\/412241818_830165295461152_9025124976460485656_n-2-1024x431-1-300x126.webp 300w, https:\/\/belgianbuggy.com\/wp-content\/uploads\/2024\/01\/412241818_830165295461152_9025124976460485656_n-2-1024x431-1-768x323.webp 768w\" sizes=\"(max-width: 1024px) 100vw, 1024px\" \/><button\n\t\t\tclass=\"lightbox-trigger\"\n\t\t\ttype=\"button\"\n\t\t\taria-haspopup=\"dialog\"\n\t\t\taria-label=\"Enlarge\"\n\t\t\tdata-wp-init=\"callbacks.initTriggerButton\"\n\t\t\tdata-wp-on--click=\"actions.showLightbox\"\n\t\t\tdata-wp-style--right=\"state.imageButtonRight\"\n\t\t\tdata-wp-style--top=\"state.imageButtonTop\"\n\t\t>\n\t\t\t<svg xmlns=\"http:\/\/www.w3.org\/2000\/svg\" width=\"12\" height=\"12\" fill=\"none\" viewBox=\"0 0 12 12\">\n\t\t\t\t<path fill=\"#fff\" d=\"M2 0a2 2 0 0 0-2 2v2h1.5V2a.5.5 0 0 1 .5-.5h2V0H2Zm2 10.5H2a.5.5 0 0 1-.5-.5V8H0v2a2 2 0 0 0 2 2h2v-1.5ZM8 12v-1.5h2a.5.5 0 0 0 .5-.5V8H12v2a2 2 0 0 1-2 2H8Zm2-12a2 2 0 0 1 2 2v2h-1.5V2a.5.5 0 0 0-.5-.5H8V0h2Z\" \/>\n\t\t\t<\/svg>\n\t\t<\/button><\/figure>\n<\/div>\n\n\n\n<div class=\"wp-block-column is-layout-flow wp-block-column-is-layout-flow\">\n<p><a href=\"https:\/\/belgianbuggy.com\/index.php\/ritter\/photo-buggy-ritter\/\" title=\"photo buggy ritter\">photo buggy ritter<\/a><\/p>\n\n\n\n<p> <a href=\"https:\/\/belgianbuggy.com\/index.php\/ritter\/info-tech\/\" title=\"info tech\">info tech<\/a><\/p>\n\n\n\n<p><a href=\"https:\/\/belgianbuggy.com\/index.php\/ritter\/piece-specifique\/\" title=\"pi\u00e8ce sp\u00e9cifique\">pi\u00e8ce sp\u00e9cifique<\/a>       <\/p>\n\n\n\n<p> <a href=\"https:\/\/belgianbuggy.com\/index.php\/ritter\/publicite\/\" title=\"publicit\u00e9s Ritter\">publicit\u00e9s Ritter<\/a><\/p>\n<\/div>\n<\/div>\n\n\n\n<p><\/p>\n\n\n\n<figure data-wp-context=\"{&quot;imageId&quot;:&quot;69dd97688b36d&quot;}\" data-wp-interactive=\"core\/image\" data-wp-key=\"69dd97688b36d\" class=\"wp-block-image size-full is-resized wp-lightbox-container\"><img decoding=\"async\" width=\"800\" height=\"532\" data-wp-class--hide=\"state.isContentHidden\" data-wp-class--show=\"state.isContentVisible\" data-wp-init=\"callbacks.setButtonStyles\" data-wp-on--click=\"actions.showLightbox\" data-wp-on--load=\"callbacks.setButtonStyles\" data-wp-on-window--resize=\"callbacks.setButtonStyles\" src=\"https:\/\/belgianbuggy.com\/wp-content\/uploads\/2024\/01\/20161226_ritter_006-5.jpg\" alt=\"\" class=\"wp-image-100\" style=\"width:504px;height:auto\" srcset=\"https:\/\/belgianbuggy.com\/wp-content\/uploads\/2024\/01\/20161226_ritter_006-5.jpg 800w, https:\/\/belgianbuggy.com\/wp-content\/uploads\/2024\/01\/20161226_ritter_006-5-300x200.jpg 300w, https:\/\/belgianbuggy.com\/wp-content\/uploads\/2024\/01\/20161226_ritter_006-5-768x511.jpg 768w\" sizes=\"(max-width: 800px) 100vw, 800px\" \/><button\n\t\t\tclass=\"lightbox-trigger\"\n\t\t\ttype=\"button\"\n\t\t\taria-haspopup=\"dialog\"\n\t\t\taria-label=\"Enlarge\"\n\t\t\tdata-wp-init=\"callbacks.initTriggerButton\"\n\t\t\tdata-wp-on--click=\"actions.showLightbox\"\n\t\t\tdata-wp-style--right=\"state.imageButtonRight\"\n\t\t\tdata-wp-style--top=\"state.imageButtonTop\"\n\t\t>\n\t\t\t<svg xmlns=\"http:\/\/www.w3.org\/2000\/svg\" width=\"12\" height=\"12\" fill=\"none\" viewBox=\"0 0 12 12\">\n\t\t\t\t<path fill=\"#fff\" d=\"M2 0a2 2 0 0 0-2 2v2h1.5V2a.5.5 0 0 1 .5-.5h2V0H2Zm2 10.5H2a.5.5 0 0 1-.5-.5V8H0v2a2 2 0 0 0 2 2h2v-1.5ZM8 12v-1.5h2a.5.5 0 0 0 .5-.5V8H12v2a2 2 0 0 1-2 2H8Zm2-12a2 2 0 0 1 2 2v2h-1.5V2a.5.5 0 0 0-.5-.5H8V0h2Z\" \/>\n\t\t\t<\/svg>\n\t\t<\/button><\/figure>\n\n\n\n<p class=\"has-text-align-center\">Buggy  Ritter court BULL      ann\u00e9e 1969    <\/p>\n\n\n\n<p>ch\u00e2ssis raccourci de 27.3cm <\/p>\n\n\n\n<p>\ufeff<\/p>\n\n\n\n<figure class=\"wp-block-image is-resized\"><img decoding=\"async\" src=\"https:\/\/belgianbuggy.com\/wp-content\/uploads\/2024\/01\/thumbnail_Screenshot_20240117_160506_Chrome-2.jpg\" alt=\"This image has an empty alt attribute; its file name is thumbnail_Screenshot_20240117_160506_Chrome-2.jpg\" style=\"width:502px;height:auto\"\/><\/figure>\n\n\n\n<p class=\"has-text-align-center\">Buggy Ritter long Dackel<\/p>\n\n\n\n<figure data-wp-context=\"{&quot;imageId&quot;:&quot;69dd97688b7dc&quot;}\" data-wp-interactive=\"core\/image\" data-wp-key=\"69dd97688b7dc\" class=\"wp-block-image size-full is-resized wp-lightbox-container\"><img decoding=\"async\" width=\"960\" height=\"595\" data-wp-class--hide=\"state.isContentHidden\" data-wp-class--show=\"state.isContentVisible\" data-wp-init=\"callbacks.setButtonStyles\" data-wp-on--click=\"actions.showLightbox\" data-wp-on--load=\"callbacks.setButtonStyles\" data-wp-on-window--resize=\"callbacks.setButtonStyles\" src=\"https:\/\/belgianbuggy.com\/wp-content\/uploads\/2024\/01\/FB_IMG_1704434342160.jpg\" alt=\"\" class=\"wp-image-109\" style=\"width:508px;height:auto\" srcset=\"https:\/\/belgianbuggy.com\/wp-content\/uploads\/2024\/01\/FB_IMG_1704434342160.jpg 960w, https:\/\/belgianbuggy.com\/wp-content\/uploads\/2024\/01\/FB_IMG_1704434342160-300x186.jpg 300w, https:\/\/belgianbuggy.com\/wp-content\/uploads\/2024\/01\/FB_IMG_1704434342160-768x476.jpg 768w\" sizes=\"(max-width: 960px) 100vw, 960px\" \/><button\n\t\t\tclass=\"lightbox-trigger\"\n\t\t\ttype=\"button\"\n\t\t\taria-haspopup=\"dialog\"\n\t\t\taria-label=\"Enlarge\"\n\t\t\tdata-wp-init=\"callbacks.initTriggerButton\"\n\t\t\tdata-wp-on--click=\"actions.showLightbox\"\n\t\t\tdata-wp-style--right=\"state.imageButtonRight\"\n\t\t\tdata-wp-style--top=\"state.imageButtonTop\"\n\t\t>\n\t\t\t<svg xmlns=\"http:\/\/www.w3.org\/2000\/svg\" width=\"12\" height=\"12\" fill=\"none\" viewBox=\"0 0 12 12\">\n\t\t\t\t<path fill=\"#fff\" d=\"M2 0a2 2 0 0 0-2 2v2h1.5V2a.5.5 0 0 1 .5-.5h2V0H2Zm2 10.5H2a.5.5 0 0 1-.5-.5V8H0v2a2 2 0 0 0 2 2h2v-1.5ZM8 12v-1.5h2a.5.5 0 0 0 .5-.5V8H12v2a2 2 0 0 1-2 2H8Zm2-12a2 2 0 0 1 2 2v2h-1.5V2a.5.5 0 0 0-.5-.5H8V0h2Z\" \/>\n\t\t\t<\/svg>\n\t\t<\/button><\/figure>\n\n\n\n<p class=\"has-text-align-center\">Buggy Ritter Targafghan<\/p>\n","protected":false},"excerpt":{"rendered":"<p>photo buggy ritter info tech pi\u00e8ce sp\u00e9cifique publicit\u00e9s Ritter Buggy Ritter court BULL ann\u00e9e 1969 ch\u00e2ssis raccourci de 27.3cm \ufeff Buggy Ritter long Dackel Buggy Ritter Targafghan<\/p>\n","protected":false},"author":1,"featured_media":0,"parent":0,"menu_order":0,"comment_status":"closed","ping_status":"closed","template":"","meta":{"_monsterinsights_skip_tracking":false,"_monsterinsights_sitenote_active":false,"_monsterinsights_sitenote_note":"","_monsterinsights_sitenote_category":0,"footnotes":""},"class_list":["post-12","page","type-page","status-publish","hentry"],"aioseo_notices":[],"_links":{"self":[{"href":"https:\/\/belgianbuggy.com\/index.php\/wp-json\/wp\/v2\/pages\/12","targetHints":{"allow":["GET"]}}],"collection":[{"href":"https:\/\/belgianbuggy.com\/index.php\/wp-json\/wp\/v2\/pages"}],"about":[{"href":"https:\/\/belgianbuggy.com\/index.php\/wp-json\/wp\/v2\/types\/page"}],"author":[{"embeddable":true,"href":"https:\/\/belgianbuggy.com\/index.php\/wp-json\/wp\/v2\/users\/1"}],"replies":[{"embeddable":true,"href":"https:\/\/belgianbuggy.com\/index.php\/wp-json\/wp\/v2\/comments?post=12"}],"version-history":[{"count":15,"href":"https:\/\/belgianbuggy.com\/index.php\/wp-json\/wp\/v2\/pages\/12\/revisions"}],"predecessor-version":[{"id":5552,"href":"https:\/\/belgianbuggy.com\/index.php\/wp-json\/wp\/v2\/pages\/12\/revisions\/5552"}],"wp:attachment":[{"href":"https:\/\/belgianbuggy.com\/index.php\/wp-json\/wp\/v2\/media?parent=12"}],"curies":[{"name":"wp","href":"https:\/\/api.w.org\/{rel}","templated":true}]}}